 (base 16) in base 4?
1022112
What is 29c4 (base 14) in base 8?
16400
131122 (base 4) to base 3
2120201
What is 212232 (base 6) in base 9?
25742
What is 1134 (base 6) in base 2?
100010010
Convert 3b19 (base 15) to base 10.
12624
What is 5434 (base 9) in base 7?
14443
1111100100000 (base 2) to base 12
4740
2524 (base 6) to base 3
212021
Convert 28a5 (base 13) to base 4.
1123321
What is 1111010111100 (base 2) in base 7?
31640
What is -1c8 (base 15) in base 10?
-413
Convert -125 (base 15) to base 12.
-198
Convert -210223 (base 4) to base 10.
-2347
What is 130233 (base 4) in base 7?
5235
What is 26055 (base 10) in base 5?
1313210
What is -213403 (base 6) in base 9?
-26173
Convert 38a (base 12) to base 16.
21a
What is -144607 (base 8) in base 15?
-10446
-30a6 (base 13) to base 14
-2647
-150 (base 7) to base 12
-70
-388 (base 10) to base 9
-471
Convert -1043 (base 10) to base 9.
-1378
Convert -310432 (base 5) to base 13.
-47b3
What is 117ed (base 15) in base 4?
31213312
cb8 (base 15) to base 13
1400
Convert -3d9 (base 14) to base 7.
-2162
Convert 220 (base 15) to base 16.
1e0
1102222 (base 3) to base 12
738
-111212001 (base 3) to base 8
-23563
1042 (base 7) to base 10
373
-15701 (base 8) to base 4
-1233001
-244124 (base 7) to base 12
-21a15
1847 (base 13) to base 12
2108
What is 5776 (base 15) in base 11?
12a44
What is -19 (base 14) in base 3?
-212
1002202010 (base 3) to base 8
52264
Convert -13154 (base 8) to base 13.
-27c7
-405 (base 8) to base 6
-1113
Convert 3286 (base 16) to base 14.
49dc
What is 2471 (base 9) in base 3?
2112101
Convert 25ba (base 14) to base 7.
25223
Convert 23300 (base 4) to base 11.
624
Convert -3130 (base 12) to base 3.
-21100200
What is 2a4 (base 16) in base 15?
301
-141210 (base 5) to base 13
-2847
9686 (base 13) to base 15
62d2
Convert -24a7 (base 13) to base 8.
-12127
Convert -5413 (base 7) to base 12.
-1141
Convert 2121 (base 5) to base 11.
240
Convert -4b6 (base 13) to base 14.
-42d
What is -110100000 (base 2) in base 7?
-1133
What is -663 (base 7) in base 15?
-179
What is 1000110010110100 (base 2) in base 6?
434432
-1886b (base 12) to base 8
-105723
What is 14525 (base 7) in base 4?
333011
Convert -20287 (base 10) to base 15.
-6027
-22143 (base 5) to base 11
-1188
-32c (base 14) to base 4
-21310
Convert 817 (base 9) to base 7.
1636
What is 410 (base 7) in base 5?
1303
-1285 (base 15) to base 9
-5368
Convert 43523 (base 11) to base 13.
229b7
-189aa (base 11) to base 8
-63602
226c (base 15) to base 2
1110010000110
Convert 6077 (base 9) to base 13.
203b
Convert 145632 (base 7) to base 9.
43013
-552 (base 12) to base 14
-3dc
1632 (base 7) to base 9
813
22a (base 16) to base 8
1052
30b6 (base 14) to base 15
2747
What is -780 (base 11) in base 4?
-32213
What is 1111000101001110 (base 2) in base 3?
10010201221
What is -3372 (base 9) in base 8?
-4677
Convert 11625 (base 11) to base 13.
77c7
What is -2258 (base 9) in base 13?
-9b9
-5503 (base 9) to base 2
-111111010101
135126 (base 7) to base 5
1311134
Convert 4441 (base 5) to base 2.
1001101101
Convert -24750 (base 9) to base 14.
-60d4
122001 (base 3) to base 14
24c
What is -122220 (base 3) in base 12?
-343
-2000021 (base 4) to base 3
-102020202
-563 (base 13) to base 8
-1636
Convert 177 (base 13) to base 6.
1123
-217076 (base 8) to base 11
-50067
Convert -411032 (base 6) to base 3.
-1122202202
What is -10740 (base 8) in base 10?
-4576
Convert 392 (base 10) to base 14.
200
Convert 10111111010 (base 2) to base 16.
5fa
-55e6 (base 15) to base 4
-10130220
What is 1102 (base 10) in base 3?
1111211
1313223 (base 4) to base 15
2409
-300 (base 6) to base 4
-1230
-22550 (base 6) to base 2
-110010100010
Convert 412 (base 11) to base 3.
200102
Convert -2bc (base 14) to base 16.
-22e
What is -133013 (base 4) in base 12?
-119b
What is 1200 (base 9) in base 2?
1101111011
What is 225 (base 6) in base 13?
6b
-4d91 (base 16) to base 9
-30213
-50 (base 7) to base 11
-32
Convert -302a7 (base 11) to base 16.
-acfa
-10602 (base 7) to base 9
-3626
2643 (base 8) to base 10
1443
Convert 5a8 (base 11) to base 16.
2d3
What is 2a8f (base 16) in base 2?
10101010001111
Convert 5333 (base 11) to base 6.
52354
11100110111 (base 2) to base 11
142a
What is -8998 (base 13) in base 12?
-b15a
c0d5 (base 14) to base 12
171b7
What is 54c (base 15) in base 9?
1570
Convert -c92 (base 15) to base 11.
-214a
13250 (base 9) to base 6
105243
What is 1530 (base 13) in base 15?
da6
Convert 525 (base 11) to base 12.
448
Convert -1001111011 (base 2) to base 14.
-335
What is 62235 (base 7) in base 9?
22776
What is 1025 (base 7) in base 9?
442
What is 223211 (base 4) in base 6?
20525
1122000021 (base 3) to base 6
404311
Convert 131a (base 16) to base 2.
1001100011010
1123010 (base 4) to base 9
7885
Convert -101010011001110 (base 2) to base 8.
-52316
-7774 (base 9) to base 5
-140422
What is -33443 (base 5) in base 13?
-1107
What is -21d (base 16) in base 13?
-328
101100 (base 5) to base 9
4438
Convert -10110110011011 (base 2) to base 4.
-2312123
What is -100102000 (base 4) in base 15?
-14b5d
-301 (base 6) to base 13
-85
Convert 1010111010100 (base 2) to base 16.
15d4
Convert 112b (base 16) to base 4.
1010223
Convert 12316 (base 11) to base 13.
8083
6333 (base 11) to base 8
20301
-2c (base 13) to base 9
-42
-4342 (base 15) to base 5
-423422
Convert -3310013 (base 4) to base 3.
-210102122
What is 1304 (base 12) in base 15?
994
What is 22013312 (base 4) in base 16?
a1f6
-241041 (base 5) to base 4
-2023000
111122022 (base 3) to base 8
23330
Convert -8d (base 15) to base 11.
-111
Convert -2751 (base 15) to base 3.
-102112011
What is 1110101110 (base 2) in base 15?
42c
Convert d30 (base 15) to base 4.
232122
64 (base 7) to base 15
31
Convert 101101010110 (base 2) to base 7.
11314
Convert -1266 (base 9) to base 13.
-582
Convert -6795 (base 13) to base 16.
-3897
Convert -3ab99 (base 12) to base 6.
-1423513
What is 164 (base 12) in base 3?
22011
Convert 446a (base 16) to base 15.
52c9
Convert 548 (base 10) to base 7.
1412
What is 5413 (base 11) in base 5?
212103
What is -84d3 (base 14) in base 13?
-a582
What is -149a (base 16) in base 3?
-21020100
-212454 (base 6) to base 8
-42062
27630 (base 8) to base 15
3924
Convert -10331 (base 4) to base 5.
-2232
What is -2988 (base 14) in base 13?
-3481
What is 938 (base 16) in base 5?
33420
Convert 3a78 (base 11) to base 3.
21020212
What is -acc (base 15) in base 8?
-4612
What is 277 (base 11) in base 4?
11012
9bbb (base 12) to base 16
437f
What is -db (base 15) in base 14?
-10a
104166 (base 7) to base 9
27056
Convert -105a (base 16) to base 3.
-12202001
Convert -32b (base 14) to base 2.
-1001110011
What is 317 (base 11) in base 4?
11331
1023 (base 9) to base 5
11000
What is 1aac (base 14) in base 2?
1001011111000
-40537 (base 8) to base 12
-9827
-11024 (base 12) to base 6
-252044
What is -530 (base 6) in base 8?
-306
What is -43 (base 14) in base 5?
-214
What is 1cb (base 15) in base 14?
21a
Convert 3b89 (base 12) to base 10.
6873
What is -134630 (base 7) in base 2?
-110010001100001
Convert -117 (base 11) to base 6.
-351
What is -1c6d (base 14) in base 11?
-39a1
What is -2a (base 12) in base 16?
-22
-176 (base 10) to base 3
-20112
What is 14367 (base 8) in base 4?
1203313
Convert 30141 (base 5) to base 7.
5413
What is 8bd (base 15) in base 3?
2201021
-48b (base 12) to base 11
-571
-12582 (base 9) to base 13
-3b39
-201222 (base 5) to base 12
-3885
Convert -1586 (base 11) to base 10.
-2030
What is fcbb (base 16) in base 9?
107667
1200 (base 12) to base 16
7e0
What is -163013 (base 7) in base 8?
-76774
What is -1020011 (base 3) in base 6?
-4051
Convert -11111100 (base 3) to base 4.
-303030
Convert 3 (base 6) to base 14.
3
Convert 51a (base 13) to base 6.
4004
What is 125431 (base 6) in base 5?
332421
-40 (base 5) to base 12
-18
What is 110000111110101 (base 2) in base 8?
60765
Convert 33037 (base 11) to base 2.
1011101101010100
What is 1022210 (base 3) in base 12?
686
Convert -152 (base 14) to base 10.
-268
What is 10021102 (base 3) in base 9?
3242
What is -154a (base 13) in base 6?
-22212
What is ba2 (base 15) in base 7?
10442
5412 (base 6) to base 2
10011010000
What is -1212 (base 6) in base 12?
-208
Convert -4fa7 (base 16) to base 6.
-234223
What is -20202 (base 3) in base 16?
-b6
100330